{"id":4024,"date":"2021-01-07T03:57:24","date_gmt":"2021-01-07T02:57:24","guid":{"rendered":"http:\/\/lacotepetrie.com\/?page_id=4024"},"modified":"2021-01-12T17:25:03","modified_gmt":"2021-01-12T16:25:03","slug":"ambre-macchia","status":"publish","type":"page","link":"https:\/\/lacotepetrie.com\/index.php\/ambre-macchia\/","title":{"rendered":"Ambre Macchia"},"content":{"rendered":"\t\t<div data-elementor-type=\"wp-page\" data-elementor-id=\"4024\" class=\"elementor elementor-4024\" data-elementor-settings=\"[]\">\n\t\t\t\t\t\t<div class=\"elementor-inner\">\n\t\t\t\t\t\t\t<div class=\"elementor-section-wrap\">\n\t\t\t\t\t\t\t<section class=\"elementor-section elementor-top-section elementor-element elementor-element-43a50f0a elementor-section-boxed elementor-section-height-default elementor-section-height-default\" data-id=\"43a50f0a\" data-element_type=\"section\">\n\t\t\t\t\t\t<div class=\"elementor-container elementor-column-gap-default\">\n\t\t\t\t\t\t\t<div class=\"elementor-row\">\n\t\t\t\t\t<div class=\"elementor-column elementor-col-100 elementor-top-column elementor-element elementor-element-1cc40107\" data-id=\"1cc40107\" data-element_type=\"column\">\n\t\t\t<div class=\"elementor-column-wrap elementor-element-populated\">\n\t\t\t\t\t\t\t<div class=\"elementor-widget-wrap\">\n\t\t\t\t\t\t<div class=\"elementor-element elementor-element-60833e85 elementor-widget elementor-widget-image\" data-id=\"60833e85\" data-element_type=\"widget\" data-widget_type=\"image.default\">\n\t\t\t\t<div class=\"elementor-widget-container\">\n\t\t\t\t\t<div class=\"elementor-image\">\n\t\t\t\t\t\t\t\t\t\t<img width=\"1024\" height=\"188\" src=\"https:\/\/lacotepetrie.com\/wp-content\/uploads\/2021\/01\/TITRE-AMBRE-1024x188.png\" class=\"attachment-large size-large\" alt=\"\" loading=\"lazy\" srcset=\"https:\/\/lacotepetrie.com\/wp-content\/uploads\/2021\/01\/TITRE-AMBRE-1024x188.png 1024w, https:\/\/lacotepetrie.com\/wp-content\/uploads\/2021\/01\/TITRE-AMBRE-300x55.png 300w, https:\/\/lacotepetrie.com\/wp-content\/uploads\/2021\/01\/TITRE-AMBRE-768x141.png 768w, https:\/\/lacotepetrie.com\/wp-content\/uploads\/2021\/01\/TITRE-AMBRE-1536x282.png 1536w, https:\/\/lacotepetrie.com\/wp-content\/uploads\/2021\/01\/TITRE-AMBRE-2048x377.png 2048w, https:\/\/lacotepetrie.com\/wp-content\/uploads\/2021\/01\/TITRE-AMBRE-600x110.png 600w\" sizes=\"(max-width: 1024px) 100vw, 1024px\" \/>\t\t\t\t\t\t\t\t\t\t\t<\/div>\n\t\t\t\t<\/div>\n\t\t\t\t<\/div>\n\t\t\t\t\t\t<\/div>\n\t\t\t\t\t<\/div>\n\t\t<\/div>\n\t\t\t\t\t\t\t\t<\/div>\n\t\t\t\t\t<\/div>\n\t\t<\/section>\n\t\t\t\t<section class=\"elementor-section elementor-top-section elementor-element elementor-element-1ab87473 elementor-section-boxed elementor-section-height-default elementor-section-height-default\" data-id=\"1ab87473\" data-element_type=\"section\">\n\t\t\t\t\t\t<div class=\"elementor-container elementor-column-gap-default\">\n\t\t\t\t\t\t\t<div class=\"elementor-row\">\n\t\t\t\t\t<div class=\"elementor-column elementor-col-50 elementor-top-column elementor-element elementor-element-647af78\" data-id=\"647af78\" data-element_type=\"column\">\n\t\t\t<div class=\"elementor-column-wrap elementor-element-populated\">\n\t\t\t\t\t\t\t<div class=\"elementor-widget-wrap\">\n\t\t\t\t\t\t<div class=\"elementor-element elementor-element-129d8318 elementor-widget elementor-widget-image\" data-id=\"129d8318\" data-element_type=\"widget\" data-widget_type=\"image.default\">\n\t\t\t\t<div class=\"elementor-widget-container\">\n\t\t\t\t\t<div class=\"elementor-image\">\n\t\t\t\t\t\t\t\t\t\t<img width=\"535\" height=\"337\" src=\"https:\/\/lacotepetrie.com\/wp-content\/uploads\/2021\/01\/AMBERLOGO-1.png\" class=\"attachment-large size-large\" alt=\"\" loading=\"lazy\" srcset=\"https:\/\/lacotepetrie.com\/wp-content\/uploads\/2021\/01\/AMBERLOGO-1.png 535w, https:\/\/lacotepetrie.com\/wp-content\/uploads\/2021\/01\/AMBERLOGO-1-300x189.png 300w\" sizes=\"(max-width: 535px) 100vw, 535px\" \/>\t\t\t\t\t\t\t\t\t\t\t<\/div>\n\t\t\t\t<\/div>\n\t\t\t\t<\/div>\n\t\t\t\t\t\t<\/div>\n\t\t\t\t\t<\/div>\n\t\t<\/div>\n\t\t\t\t<div class=\"elementor-column elementor-col-50 elementor-top-column elementor-element elementor-element-2a34f7d7\" data-id=\"2a34f7d7\" data-element_type=\"column\">\n\t\t\t<div class=\"elementor-column-wrap elementor-element-populated\">\n\t\t\t\t\t\t\t<div class=\"elementor-widget-wrap\">\n\t\t\t\t\t\t<div class=\"elementor-element elementor-element-6d41b044 elementor-widget elementor-widget-text-editor\" data-id=\"6d41b044\" data-element_type=\"widget\" data-widget_type=\"text-editor.default\">\n\t\t\t\t<div class=\"elementor-widget-container\">\n\t\t\t\t\t<div class=\"elementor-text-editor elementor-clearfix\"><p><span style=\"font-size: 16px;\">\u00a0<\/span><\/p><p>Ambre est une artiste\/ graphiste\/ illustratrice dipl\u00f4m\u00e9e des Beaux Arts, r\u00e9alisant des portraits num\u00e9riques \u00e9clectiques \u00e0 mi chemin entre les genres. En se jouant des dictats genr\u00e9s et en red\u00e9finissant le sexe fort, elle d\u00e9veloppe une esth\u00e9tique crue, subversive, provocante \u00e0 la fois plurielle, et sensuelle.<\/p><p><span style=\"font-size: 16px;\">\u00a0<\/span><\/p><\/div>\n\t\t\t\t<\/div>\n\t\t\t\t<\/div>\n\t\t\t\t\t\t<\/div>\n\t\t\t\t\t<\/div>\n\t\t<\/div>\n\t\t\t\t\t\t\t\t<\/div>\n\t\t\t\t\t<\/div>\n\t\t<\/section>\n\t\t\t\t<section class=\"elementor-section elementor-top-section elementor-element elementor-element-c6073f2 elementor-section-boxed elementor-section-height-default elementor-section-height-default\" data-id=\"c6073f2\" data-element_type=\"section\">\n\t\t\t\t\t\t<div class=\"elementor-container elementor-column-gap-default\">\n\t\t\t\t\t\t\t<div class=\"elementor-row\">\n\t\t\t\t\t<div class=\"elementor-column elementor-col-50 elementor-top-column elementor-element elementor-element-397a2a2d\" data-id=\"397a2a2d\" data-element_type=\"column\">\n\t\t\t<div class=\"elementor-column-wrap elementor-element-populated\">\n\t\t\t\t\t\t\t<div class=\"elementor-widget-wrap\">\n\t\t\t\t\t\t<div class=\"elementor-element elementor-element-2dde6a47 elementor-widget elementor-widget-image\" data-id=\"2dde6a47\" data-element_type=\"widget\" data-widget_type=\"image.default\">\n\t\t\t\t<div class=\"elementor-widget-container\">\n\t\t\t\t\t<div class=\"elementor-image\">\n\t\t\t\t\t\t\t\t\t\t\t<a href=\"https:\/\/www.instagram.com\/ambremacchia\/\">\n\t\t\t\t\t\t\t<img width=\"1018\" height=\"1024\" src=\"https:\/\/lacotepetrie.com\/wp-content\/uploads\/2021\/01\/AMBER-1018x1024.jpg\" class=\"attachment-large size-large\" alt=\"\" loading=\"lazy\" srcset=\"https:\/\/lacotepetrie.com\/wp-content\/uploads\/2021\/01\/AMBER-1018x1024.jpg 1018w, https:\/\/lacotepetrie.com\/wp-content\/uploads\/2021\/01\/AMBER-298x300.jpg 298w, https:\/\/lacotepetrie.com\/wp-content\/uploads\/2021\/01\/AMBER-150x150.jpg 150w, https:\/\/lacotepetrie.com\/wp-content\/uploads\/2021\/01\/AMBER-768x772.jpg 768w, https:\/\/lacotepetrie.com\/wp-content\/uploads\/2021\/01\/AMBER-600x603.jpg 600w, https:\/\/lacotepetrie.com\/wp-content\/uploads\/2021\/01\/AMBER-100x100.jpg 100w, https:\/\/lacotepetrie.com\/wp-content\/uploads\/2021\/01\/AMBER.jpg 1080w\" sizes=\"(max-width: 1018px) 100vw, 1018px\" \/>\t\t\t\t\t\t\t\t<\/a>\n\t\t\t\t\t\t\t\t\t\t\t<\/div>\n\t\t\t\t<\/div>\n\t\t\t\t<\/div>\n\t\t\t\t\t\t<\/div>\n\t\t\t\t\t<\/div>\n\t\t<\/div>\n\t\t\t\t<div class=\"elementor-column elementor-col-50 elementor-top-column elementor-element elementor-element-7a4f3022\" data-id=\"7a4f3022\" data-element_type=\"column\">\n\t\t\t<div class=\"elementor-column-wrap elementor-element-populated\">\n\t\t\t\t\t\t\t<div class=\"elementor-widget-wrap\">\n\t\t\t\t\t\t<div class=\"elementor-element elementor-element-221fea0d elementor-widget elementor-widget-text-editor\" data-id=\"221fea0d\" data-element_type=\"widget\" data-widget_type=\"text-editor.default\">\n\t\t\t\t<div class=\"elementor-widget-container\">\n\t\t\t\t\t<div class=\"elementor-text-editor elementor-clearfix\"><p>Quand BOULANGERIE ET FLEUR DE L\u2019\u00c2GE font bon m\u00e9nage&#8230; Qui veut ma baguette? Famille boulangerie pour les enfants, devenue liber\u00e9e pour les parents, cette double lecture ravira petits et grands, encore cach\u00e9s sous les jupes de maman.\u00a0<span style=\"font-size: 16px;\">Des corps d\u00e9construits, des fantasmes assouvis, des chim\u00e8res insoumises&#8230;<\/span><\/p><\/div>\n\t\t\t\t<\/div>\n\t\t\t\t<\/div>\n\t\t\t\t<div class=\"elementor-element elementor-element-5d0b4214 elementor-widget elementor-widget-image\" data-id=\"5d0b4214\" data-element_type=\"widget\" data-widget_type=\"image.default\">\n\t\t\t\t<div class=\"elementor-widget-container\">\n\t\t\t\t\t<div class=\"elementor-image\">\n\t\t\t\t\t\t\t\t\t\t<img width=\"1024\" height=\"1024\" src=\"https:\/\/lacotepetrie.com\/wp-content\/uploads\/2020\/12\/QUISUISJE036-1024x1024.jpg\" class=\"attachment-large size-large\" alt=\"\" loading=\"lazy\" srcset=\"https:\/\/lacotepetrie.com\/wp-content\/uploads\/2020\/12\/QUISUISJE036-1024x1024.jpg 1024w, https:\/\/lacotepetrie.com\/wp-content\/uploads\/2020\/12\/QUISUISJE036-300x300.jpg 300w, https:\/\/lacotepetrie.com\/wp-content\/uploads\/2020\/12\/QUISUISJE036-150x150.jpg 150w, https:\/\/lacotepetrie.com\/wp-content\/uploads\/2020\/12\/QUISUISJE036-768x768.jpg 768w, https:\/\/lacotepetrie.com\/wp-content\/uploads\/2020\/12\/QUISUISJE036-600x600.jpg 600w, https:\/\/lacotepetrie.com\/wp-content\/uploads\/2020\/12\/QUISUISJE036-100x100.jpg 100w, https:\/\/lacotepetrie.com\/wp-content\/uploads\/2020\/12\/QUISUISJE036.jpg 1418w\" sizes=\"(max-width: 1024px) 100vw, 1024px\" \/>\t\t\t\t\t\t\t\t\t\t\t<\/div>\n\t\t\t\t<\/div>\n\t\t\t\t<\/div>\n\t\t\t\t<div class=\"elementor-element elementor-element-1deb5a1 elementor-view-default elementor-widget elementor-widget-icon\" data-id=\"1deb5a1\" data-element_type=\"widget\" data-widget_type=\"icon.default\">\n\t\t\t\t<div class=\"elementor-widget-container\">\n\t\t\t\t\t<div class=\"elementor-icon-wrapper\">\n\t\t\t<a class=\"elementor-icon\" href=\"https:\/\/www.instagram.com\/loicburzotta\/\">\n\t\t\t<i aria-hidden=\"true\" class=\"fab fa-instagram\"><\/i>\t\t\t<\/a>\n\t\t<\/div>\n\t\t\t\t<\/div>\n\t\t\t\t<\/div>\n\t\t\t\t\t\t<\/div>\n\t\t\t\t\t<\/div>\n\t\t<\/div>\n\t\t\t\t\t\t\t\t<\/div>\n\t\t\t\t\t<\/div>\n\t\t<\/section>\n\t\t\t\t\t\t<\/div>\n\t\t\t\t\t\t<\/div>\n\t\t\t\t\t<\/div>\n\t\t","protected":false},"excerpt":{"rendered":"<p>\u00a0 Ambre est une artiste\/ graphiste\/ illustratrice dipl\u00f4m\u00e9e des Beaux Arts, r\u00e9alisant des portraits num\u00e9riques \u00e9clectiques \u00e0 mi chemin entre les genres. En se jouant des dictats genr\u00e9s et en red\u00e9finissant le sexe fort, elle d\u00e9veloppe une esth\u00e9tique crue, subversive, provocante \u00e0 la fois plurielle, et sensuelle. \u00a0 Quand BOULANGERIE ET FLEUR DE L\u2019\u00c2GE font &hellip;<\/p>\n<p class=\"read-more\"> <a class=\"\" href=\"https:\/\/lacotepetrie.com\/index.php\/ambre-macchia\/\"> <span class=\"screen-reader-text\">Ambre Macchia<\/span> Lire la suite\u00a0\u00bb<\/a><\/p>\n","protected":false},"author":1,"featured_media":0,"parent":0,"menu_order":0,"comment_status":"closed","ping_status":"closed","template":"","meta":[],"_links":{"self":[{"href":"https:\/\/lacotepetrie.com\/index.php\/wp-json\/wp\/v2\/pages\/4024"}],"collection":[{"href":"https:\/\/lacotepetrie.com\/index.php\/wp-json\/wp\/v2\/pages"}],"about":[{"href":"https:\/\/lacotepetrie.com\/index.php\/wp-json\/wp\/v2\/types\/page"}],"author":[{"embeddable":true,"href":"https:\/\/lacotepetrie.com\/index.php\/wp-json\/wp\/v2\/users\/1"}],"replies":[{"embeddable":true,"href":"https:\/\/lacotepetrie.com\/index.php\/wp-json\/wp\/v2\/comments?post=4024"}],"version-history":[{"count":10,"href":"https:\/\/lacotepetrie.com\/index.php\/wp-json\/wp\/v2\/pages\/4024\/revisions"}],"predecessor-version":[{"id":4088,"href":"https:\/\/lacotepetrie.com\/index.php\/wp-json\/wp\/v2\/pages\/4024\/revisions\/4088"}],"wp:attachment":[{"href":"https:\/\/lacotepetrie.com\/index.php\/wp-json\/wp\/v2\/media?parent=4024"}],"curies":[{"name":"wp","href":"https:\/\/api.w.org\/{rel}","templated":true}]}}