{"id":4026,"date":"2021-01-07T03:57:48","date_gmt":"2021-01-07T02:57:48","guid":{"rendered":"http:\/\/lacotepetrie.com\/?page_id=4026"},"modified":"2021-01-12T18:29:50","modified_gmt":"2021-01-12T17:29:50","slug":"leo-roger","status":"publish","type":"page","link":"https:\/\/lacotepetrie.com\/index.php\/leo-roger\/","title":{"rendered":"L\u00e9o Roger"},"content":{"rendered":"\t\t<div data-elementor-type=\"wp-page\" data-elementor-id=\"4026\" class=\"elementor elementor-4026\" data-elementor-settings=\"[]\">\n\t\t\t\t\t\t<div class=\"elementor-inner\">\n\t\t\t\t\t\t\t<div class=\"elementor-section-wrap\">\n\t\t\t\t\t\t\t<section class=\"elementor-section elementor-top-section elementor-element elementor-element-7774c3dc elementor-section-boxed elementor-section-height-default elementor-section-height-default\" data-id=\"7774c3dc\" data-element_type=\"section\">\n\t\t\t\t\t\t<div class=\"elementor-container elementor-column-gap-default\">\n\t\t\t\t\t\t\t<div class=\"elementor-row\">\n\t\t\t\t\t<div class=\"elementor-column elementor-col-100 elementor-top-column elementor-element elementor-element-4586bc20\" data-id=\"4586bc20\" data-element_type=\"column\">\n\t\t\t<div class=\"elementor-column-wrap elementor-element-populated\">\n\t\t\t\t\t\t\t<div class=\"elementor-widget-wrap\">\n\t\t\t\t\t\t<div class=\"elementor-element elementor-element-5df32ca9 elementor-widget elementor-widget-image\" data-id=\"5df32ca9\" data-element_type=\"widget\" data-widget_type=\"image.default\">\n\t\t\t\t<div class=\"elementor-widget-container\">\n\t\t\t\t\t<div class=\"elementor-image\">\n\t\t\t\t\t\t\t\t\t\t<img width=\"1024\" height=\"270\" src=\"https:\/\/lacotepetrie.com\/wp-content\/uploads\/2021\/01\/TITRE-LEO-1024x270.png\" class=\"attachment-large size-large\" alt=\"\" loading=\"lazy\" srcset=\"https:\/\/lacotepetrie.com\/wp-content\/uploads\/2021\/01\/TITRE-LEO-1024x270.png 1024w, https:\/\/lacotepetrie.com\/wp-content\/uploads\/2021\/01\/TITRE-LEO-300x79.png 300w, https:\/\/lacotepetrie.com\/wp-content\/uploads\/2021\/01\/TITRE-LEO-768x202.png 768w, https:\/\/lacotepetrie.com\/wp-content\/uploads\/2021\/01\/TITRE-LEO-1536x405.png 1536w, https:\/\/lacotepetrie.com\/wp-content\/uploads\/2021\/01\/TITRE-LEO-2048x540.png 2048w, https:\/\/lacotepetrie.com\/wp-content\/uploads\/2021\/01\/TITRE-LEO-600x158.png 600w\" sizes=\"(max-width: 1024px) 100vw, 1024px\" \/>\t\t\t\t\t\t\t\t\t\t\t<\/div>\n\t\t\t\t<\/div>\n\t\t\t\t<\/div>\n\t\t\t\t\t\t<\/div>\n\t\t\t\t\t<\/div>\n\t\t<\/div>\n\t\t\t\t\t\t\t\t<\/div>\n\t\t\t\t\t<\/div>\n\t\t<\/section>\n\t\t\t\t<section class=\"elementor-section elementor-top-section elementor-element elementor-element-51ddbf79 elementor-section-boxed elementor-section-height-default elementor-section-height-default\" data-id=\"51ddbf79\" data-element_type=\"section\">\n\t\t\t\t\t\t<div class=\"elementor-container elementor-column-gap-default\">\n\t\t\t\t\t\t\t<div class=\"elementor-row\">\n\t\t\t\t\t<div class=\"elementor-column elementor-col-50 elementor-top-column elementor-element elementor-element-69cbcd86\" data-id=\"69cbcd86\" data-element_type=\"column\">\n\t\t\t<div class=\"elementor-column-wrap elementor-element-populated\">\n\t\t\t\t\t\t\t<div class=\"elementor-widget-wrap\">\n\t\t\t\t\t\t<div class=\"elementor-element elementor-element-57466f1 elementor-widget elementor-widget-image\" data-id=\"57466f1\" data-element_type=\"widget\" data-widget_type=\"image.default\">\n\t\t\t\t<div class=\"elementor-widget-container\">\n\t\t\t\t\t<div class=\"elementor-image\">\n\t\t\t\t\t\t\t\t\t\t<img width=\"495\" height=\"342\" src=\"https:\/\/lacotepetrie.com\/wp-content\/uploads\/2021\/01\/LOGOLEO.png\" class=\"attachment-large size-large\" alt=\"\" loading=\"lazy\" srcset=\"https:\/\/lacotepetrie.com\/wp-content\/uploads\/2021\/01\/LOGOLEO.png 495w, https:\/\/lacotepetrie.com\/wp-content\/uploads\/2021\/01\/LOGOLEO-300x207.png 300w\" sizes=\"(max-width: 495px) 100vw, 495px\" \/>\t\t\t\t\t\t\t\t\t\t\t<\/div>\n\t\t\t\t<\/div>\n\t\t\t\t<\/div>\n\t\t\t\t\t\t<\/div>\n\t\t\t\t\t<\/div>\n\t\t<\/div>\n\t\t\t\t<div class=\"elementor-column elementor-col-50 elementor-top-column elementor-element elementor-element-57acc299\" data-id=\"57acc299\" data-element_type=\"column\">\n\t\t\t<div class=\"elementor-column-wrap elementor-element-populated\">\n\t\t\t\t\t\t\t<div class=\"elementor-widget-wrap\">\n\t\t\t\t\t\t<div class=\"elementor-element elementor-element-746c94e1 elementor-widget elementor-widget-text-editor\" data-id=\"746c94e1\" data-element_type=\"widget\" data-widget_type=\"text-editor.default\">\n\t\t\t\t<div class=\"elementor-widget-container\">\n\t\t\t\t\t<div class=\"elementor-text-editor elementor-clearfix\"><p><span style=\"font-size: 16px;\">\u00a0<\/span><\/p><p>L\u00e9o est un illustrateur de mode \u00e0 la notori\u00e9t\u00e9 grandissante. Ses productions mettent en avant une femme forte et un homme sensuel, au-del\u00e0 des codes de virilit\u00e9 pr\u00e9\u00e9tablis. Son approche textile et son attrait pour le croquis de mode lui ont permis de singulariser son trait: pastelle s\u00e8che, grasse, et autres coups de crayons donnent vie et mouvance \u00e0 des corps en tension.<\/p><p><span style=\"font-size: 16px;\">\u00a0<\/span><\/p><\/div>\n\t\t\t\t<\/div>\n\t\t\t\t<\/div>\n\t\t\t\t\t\t<\/div>\n\t\t\t\t\t<\/div>\n\t\t<\/div>\n\t\t\t\t\t\t\t\t<\/div>\n\t\t\t\t\t<\/div>\n\t\t<\/section>\n\t\t\t\t<section class=\"elementor-section elementor-top-section elementor-element elementor-element-7c1a304f elementor-section-boxed elementor-section-height-default elementor-section-height-default\" data-id=\"7c1a304f\" data-element_type=\"section\">\n\t\t\t\t\t\t<div class=\"elementor-container elementor-column-gap-default\">\n\t\t\t\t\t\t\t<div class=\"elementor-row\">\n\t\t\t\t\t<div class=\"elementor-column elementor-col-50 elementor-top-column elementor-element elementor-element-35d430ea\" data-id=\"35d430ea\" data-element_type=\"column\">\n\t\t\t<div class=\"elementor-column-wrap elementor-element-populated\">\n\t\t\t\t\t\t\t<div class=\"elementor-widget-wrap\">\n\t\t\t\t\t\t<div class=\"elementor-element elementor-element-49b79eff elementor-widget elementor-widget-image\" data-id=\"49b79eff\" data-element_type=\"widget\" data-widget_type=\"image.default\">\n\t\t\t\t<div class=\"elementor-widget-container\">\n\t\t\t\t\t<div class=\"elementor-image\">\n\t\t\t\t\t\t\t\t\t\t<img width=\"816\" height=\"1024\" src=\"https:\/\/lacotepetrie.com\/wp-content\/uploads\/2021\/01\/LEOPH-816x1024.jpg\" class=\"attachment-large size-large\" alt=\"\" loading=\"lazy\" srcset=\"https:\/\/lacotepetrie.com\/wp-content\/uploads\/2021\/01\/LEOPH-816x1024.jpg 816w, https:\/\/lacotepetrie.com\/wp-content\/uploads\/2021\/01\/LEOPH-239x300.jpg 239w, https:\/\/lacotepetrie.com\/wp-content\/uploads\/2021\/01\/LEOPH-768x964.jpg 768w, https:\/\/lacotepetrie.com\/wp-content\/uploads\/2021\/01\/LEOPH-600x753.jpg 600w, https:\/\/lacotepetrie.com\/wp-content\/uploads\/2021\/01\/LEOPH.jpg 1080w\" sizes=\"(max-width: 816px) 100vw, 816px\" \/>\t\t\t\t\t\t\t\t\t\t\t<\/div>\n\t\t\t\t<\/div>\n\t\t\t\t<\/div>\n\t\t\t\t\t\t<\/div>\n\t\t\t\t\t<\/div>\n\t\t<\/div>\n\t\t\t\t<div class=\"elementor-column elementor-col-50 elementor-top-column elementor-element elementor-element-546e4d83\" data-id=\"546e4d83\" data-element_type=\"column\">\n\t\t\t<div class=\"elementor-column-wrap elementor-element-populated\">\n\t\t\t\t\t\t\t<div class=\"elementor-widget-wrap\">\n\t\t\t\t\t\t<div class=\"elementor-element elementor-element-7bf1a447 elementor-widget elementor-widget-text-editor\" data-id=\"7bf1a447\" data-element_type=\"widget\" data-widget_type=\"text-editor.default\">\n\t\t\t\t<div class=\"elementor-widget-container\">\n\t\t\t\t\t<div class=\"elementor-text-editor elementor-clearfix\"><p>Combattre \u00e0 MAINS NUES ou \u00e0 ARMES EGALES<br \/><span style=\"font-size: 16px;\">Les ninjas agenr\u00e9s de L\u00e9o vont venir s\u2019incarner \u00e0 tour de r\u00f4le et rejoindre un combat commun, un terrain de luttes queer.<\/span><\/p><p>La violence ne r\u00e9sout rien, mais la coh\u00e9sion oui. Fl\u00e8ches, arcs et sabres vont venir s\u2019articuler comme m\u00e9taphores de ces luttes quotidiennes envers oppresseurs et oppressions.<\/p><p>L\u00e9o donne alors vie et mouvance \u00e0 des corps deshumanis\u00e9s, fantasmagoriques&#8230; Prenez garde, ses pulsions cr\u00e9atives pourraient vous permettre d\u2019assouvir vos plus grands f\u00e9tichismes&#8230;<\/p><\/div>\n\t\t\t\t<\/div>\n\t\t\t\t<\/div>\n\t\t\t\t<div class=\"elementor-element elementor-element-154b6212 elementor-widget elementor-widget-image\" data-id=\"154b6212\" data-element_type=\"widget\" data-widget_type=\"image.default\">\n\t\t\t\t<div class=\"elementor-widget-container\">\n\t\t\t\t\t<div class=\"elementor-image\">\n\t\t\t\t\t\t\t\t\t\t<img width=\"1024\" height=\"1024\" src=\"https:\/\/lacotepetrie.com\/wp-content\/uploads\/2020\/12\/QUISUISJE034-1024x1024.jpg\" class=\"attachment-large size-large\" alt=\"\" loading=\"lazy\" srcset=\"https:\/\/lacotepetrie.com\/wp-content\/uploads\/2020\/12\/QUISUISJE034-1024x1024.jpg 1024w, https:\/\/lacotepetrie.com\/wp-content\/uploads\/2020\/12\/QUISUISJE034-300x300.jpg 300w, https:\/\/lacotepetrie.com\/wp-content\/uploads\/2020\/12\/QUISUISJE034-150x150.jpg 150w, https:\/\/lacotepetrie.com\/wp-content\/uploads\/2020\/12\/QUISUISJE034-768x768.jpg 768w, https:\/\/lacotepetrie.com\/wp-content\/uploads\/2020\/12\/QUISUISJE034-600x600.jpg 600w, https:\/\/lacotepetrie.com\/wp-content\/uploads\/2020\/12\/QUISUISJE034-100x100.jpg 100w, https:\/\/lacotepetrie.com\/wp-content\/uploads\/2020\/12\/QUISUISJE034.jpg 1418w\" sizes=\"(max-width: 1024px) 100vw, 1024px\" \/>\t\t\t\t\t\t\t\t\t\t\t<\/div>\n\t\t\t\t<\/div>\n\t\t\t\t<\/div>\n\t\t\t\t<div class=\"elementor-element elementor-element-618614d8 elementor-view-default elementor-widget elementor-widget-icon\" data-id=\"618614d8\" data-element_type=\"widget\" data-widget_type=\"icon.default\">\n\t\t\t\t<div class=\"elementor-widget-container\">\n\t\t\t\t\t<div class=\"elementor-icon-wrapper\">\n\t\t\t<a class=\"elementor-icon\" href=\"https:\/\/www.instagram.com\/leogabrielrgr\/\">\n\t\t\t<i aria-hidden=\"true\" class=\"fab fa-instagram\"><\/i>\t\t\t<\/a>\n\t\t<\/div>\n\t\t\t\t<\/div>\n\t\t\t\t<\/div>\n\t\t\t\t\t\t<\/div>\n\t\t\t\t\t<\/div>\n\t\t<\/div>\n\t\t\t\t\t\t\t\t<\/div>\n\t\t\t\t\t<\/div>\n\t\t<\/section>\n\t\t\t\t\t\t<\/div>\n\t\t\t\t\t\t<\/div>\n\t\t\t\t\t<\/div>\n\t\t","protected":false},"excerpt":{"rendered":"<p>\u00a0 L\u00e9o est un illustrateur de mode \u00e0 la notori\u00e9t\u00e9 grandissante. Ses productions mettent en avant une femme forte et un homme sensuel, au-del\u00e0 des codes de virilit\u00e9 pr\u00e9\u00e9tablis. Son approche textile et son attrait pour le croquis de mode lui ont permis de singulariser son trait: pastelle s\u00e8che, grasse, et autres coups de crayons &hellip;<\/p>\n<p class=\"read-more\"> <a class=\"\" href=\"https:\/\/lacotepetrie.com\/index.php\/leo-roger\/\"> <span class=\"screen-reader-text\">L\u00e9o Roger<\/span> Lire la suite\u00a0\u00bb<\/a><\/p>\n","protected":false},"author":1,"featured_media":0,"parent":0,"menu_order":0,"comment_status":"closed","ping_status":"closed","template":"","meta":[],"_links":{"self":[{"href":"https:\/\/lacotepetrie.com\/index.php\/wp-json\/wp\/v2\/pages\/4026"}],"collection":[{"href":"https:\/\/lacotepetrie.com\/index.php\/wp-json\/wp\/v2\/pages"}],"about":[{"href":"https:\/\/lacotepetrie.com\/index.php\/wp-json\/wp\/v2\/types\/page"}],"author":[{"embeddable":true,"href":"https:\/\/lacotepetrie.com\/index.php\/wp-json\/wp\/v2\/users\/1"}],"replies":[{"embeddable":true,"href":"https:\/\/lacotepetrie.com\/index.php\/wp-json\/wp\/v2\/comments?post=4026"}],"version-history":[{"count":4,"href":"https:\/\/lacotepetrie.com\/index.php\/wp-json\/wp\/v2\/pages\/4026\/revisions"}],"predecessor-version":[{"id":4102,"href":"https:\/\/lacotepetrie.com\/index.php\/wp-json\/wp\/v2\/pages\/4026\/revisions\/4102"}],"wp:attachment":[{"href":"https:\/\/lacotepetrie.com\/index.php\/wp-json\/wp\/v2\/media?parent=4026"}],"curies":[{"name":"wp","href":"https:\/\/api.w.org\/{rel}","templated":true}]}}