{"id":4332,"date":"2024-12-02T21:16:03","date_gmt":"2024-12-02T20:16:03","guid":{"rendered":"http:\/\/lacotepetrie.com\/?post_type=product&#038;p=4332"},"modified":"2024-12-02T21:18:27","modified_gmt":"2024-12-02T20:18:27","slug":"culedo-le-jeu-de-tous-vos-fantasmes-version-orgasme","status":"publish","type":"product","link":"https:\/\/lacotepetrie.com\/index.php\/produit\/culedo-le-jeu-de-tous-vos-fantasmes-version-orgasme\/","title":{"rendered":"Culedo : le jeu de tous vos fantasmes (Version ORgasme)"},"content":{"rendered":"<p>CULEDO, c\u2019est le jeu de tous vos fantasmes ! Qui a fait l\u2019amour avec qui ? Dans quelle salle ? Avec quel objet ? Quelles identit\u00e9s prendra ce myst\u00e9rieux th\u00e9\u00e2tre orgiaque ? Qui sera sucepect\u00e9\u00b7e ? Qui sera a-cul-s\u00e9\u00b7e? Ce sera \u00e0 toi de tout \u00e9lucider\u2026<\/p>\n<p>CULEDO est un outil pr\u00e9ventif destin\u00e9 \u00e0 un public majeur, qui sensibilisera tout\u00b7e un\u00b7e chacun\u00b7e \u00e0 la sant\u00e9 sexuelle !<\/p>\n<p><strong>Dans cette version OR gasme, retrouve des cartes gold soft touch imprim\u00e9es en offset, ainsi qu&rsquo;un plateau encore plus \u00e9pais !<\/strong><\/p>\n<p><strong>Prix : 90\u20ac + 5\u20ac de frais de livraison<\/strong><\/p>\n","protected":false},"excerpt":{"rendered":"<p>CULEDO, c\u2019est le jeu de tous vos fantasmes ! Qui a fait l\u2019amour avec qui ? Dans quelle salle ? Avec quel objet ? Quelles identit\u00e9s prendra ce myst\u00e9rieux th\u00e9\u00e2tre orgiaque ? Qui sera sucepect\u00e9\u00b7e ? Qui sera a-cul-s\u00e9\u00b7e? Ce sera \u00e0 toi de tout \u00e9lucider\u2026 CULEDO est un outil pr\u00e9ventif destin\u00e9 \u00e0 un public &hellip;<\/p>\n<p class=\"read-more\"> <a class=\"\" href=\"https:\/\/lacotepetrie.com\/index.php\/produit\/culedo-le-jeu-de-tous-vos-fantasmes-version-orgasme\/\"> <span class=\"screen-reader-text\">Culedo : le jeu de tous vos fantasmes (Version ORgasme)<\/span> Lire la suite\u00a0\u00bb<\/a><\/p>\n","protected":false},"featured_media":4183,"comment_status":"open","ping_status":"closed","template":"","meta":[],"product_cat":[15],"product_tag":[],"_links":{"self":[{"href":"https:\/\/lacotepetrie.com\/index.php\/wp-json\/wp\/v2\/product\/4332"}],"collection":[{"href":"https:\/\/lacotepetrie.com\/index.php\/wp-json\/wp\/v2\/product"}],"about":[{"href":"https:\/\/lacotepetrie.com\/index.php\/wp-json\/wp\/v2\/types\/product"}],"replies":[{"embeddable":true,"href":"https:\/\/lacotepetrie.com\/index.php\/wp-json\/wp\/v2\/comments?post=4332"}],"wp:featuredmedia":[{"embeddable":true,"href":"https:\/\/lacotepetrie.com\/index.php\/wp-json\/wp\/v2\/media\/4183"}],"wp:attachment":[{"href":"https:\/\/lacotepetrie.com\/index.php\/wp-json\/wp\/v2\/media?parent=4332"}],"wp:term":[{"taxonomy":"product_cat","embeddable":true,"href":"https:\/\/lacotepetrie.com\/index.php\/wp-json\/wp\/v2\/product_cat?post=4332"},{"taxonomy":"product_tag","embeddable":true,"href":"https:\/\/lacotepetrie.com\/index.php\/wp-json\/wp\/v2\/product_tag?post=4332"}],"curies":[{"name":"wp","href":"https:\/\/api.w.org\/{rel}","templated":true}]}}